{"id":1275,"date":"2016-03-23T04:51:33","date_gmt":"2016-03-23T02:51:33","guid":{"rendered":"http:\/\/birzuausra.lt\/?page_id=1275"},"modified":"2016-03-23T04:51:33","modified_gmt":"2016-03-23T02:51:33","slug":"2015-m-ii-ketvirtis","status":"publish","type":"page","link":"https:\/\/birzuausra.lt\/index.php\/mokykla\/finansiniu-ataskaitu-rinkinys\/2015-m-ii-ketvirtis\/","title":{"rendered":"2015 m. II ketvirtis"},"content":{"rendered":"<p>\t\t\t\t<![CDATA[\n\n<h5><a href=\"https:\/\/birzuausra.lt\/wp-content\/uploads\/2016\/03\/2015-m.-II-ketv-ai\u0161kinamasis.pdf\" rel=\"\">Finansini\u0173 ataskait\u0173 2015 m. bir\u017eelio 30 d. ai\u0161kinamasis ra\u0161tas<\/a><\/h5>\n\n\n\n\n<h5><a href=\"https:\/\/birzuausra.lt\/wp-content\/uploads\/2016\/06\/FBA-2015-II-ketv.pdf\">FBA 2015m. II ketvir\u010dio<\/a><\/h5>\n\n]]>\t\t<\/p>\n","protected":false},"excerpt":{"rendered":"<p>\t\t\t\t<![CDATA[]]>\t\t<\/p>\n","protected":false},"author":1,"featured_media":0,"parent":1271,"menu_order":6,"comment_status":"closed","ping_status":"closed","template":"","meta":{"footnotes":""},"class_list":["post-1275","page","type-page","status-publish","hentry"],"yoast_head":"<!-- This site is optimized with the Yoast SEO plugin v27.3 - https:\/\/yoast.com\/product\/yoast-seo-wordpress\/ -->\n<title>2015 m. II ketvirtis - Bir\u017e\u0173 \u201eAu\u0161ros\u201c pagrindin\u0117 mokykla<\/title>\n<meta name=\"robots\" content=\"index, follow, max-snippet:-1, max-image-preview:large, max-video-preview:-1\" \/>\n<link rel=\"canonical\" href=\"https:\/\/birzuausra.lt\/index.php\/mokykla\/finansiniu-ataskaitu-rinkinys\/2015-m-ii-ketvirtis\/\" \/>\n<meta property=\"og:locale\" content=\"lt_LT\" \/>\n<meta property=\"og:type\" content=\"article\" \/>\n<meta property=\"og:title\" content=\"2015 m. II ketvirtis - Bir\u017e\u0173 \u201eAu\u0161ros\u201c pagrindin\u0117 mokykla\" \/>\n<meta property=\"og:url\" content=\"https:\/\/birzuausra.lt\/index.php\/mokykla\/finansiniu-ataskaitu-rinkinys\/2015-m-ii-ketvirtis\/\" \/>\n<meta property=\"og:site_name\" content=\"Bir\u017e\u0173 \u201eAu\u0161ros\u201c pagrindin\u0117 mokykla\" \/>\n<meta property=\"article:publisher\" content=\"https:\/\/lt-lt.facebook.com\/birzuausra\" \/>\n<meta name=\"twitter:card\" content=\"summary_large_image\" \/>\n<script type=\"application\/ld+json\" class=\"yoast-schema-graph\">{\"@context\":\"https:\\\/\\\/schema.org\",\"@graph\":[{\"@type\":\"WebPage\",\"@id\":\"https:\\\/\\\/birzuausra.lt\\\/index.php\\\/mokykla\\\/finansiniu-ataskaitu-rinkinys\\\/2015-m-ii-ketvirtis\\\/\",\"url\":\"https:\\\/\\\/birzuausra.lt\\\/index.php\\\/mokykla\\\/finansiniu-ataskaitu-rinkinys\\\/2015-m-ii-ketvirtis\\\/\",\"name\":\"2015 m. II ketvirtis - Bir\u017e\u0173 \u201eAu\u0161ros\u201c pagrindin\u0117 mokykla\",\"isPartOf\":{\"@id\":\"https:\\\/\\\/birzuausra.lt\\\/#website\"},\"datePublished\":\"2016-03-23T02:51:33+00:00\",\"breadcrumb\":{\"@id\":\"https:\\\/\\\/birzuausra.lt\\\/index.php\\\/mokykla\\\/finansiniu-ataskaitu-rinkinys\\\/2015-m-ii-ketvirtis\\\/#breadcrumb\"},\"inLanguage\":\"lt-LT\",\"potentialAction\":[{\"@type\":\"ReadAction\",\"target\":[\"https:\\\/\\\/birzuausra.lt\\\/index.php\\\/mokykla\\\/finansiniu-ataskaitu-rinkinys\\\/2015-m-ii-ketvirtis\\\/\"]}]},{\"@type\":\"BreadcrumbList\",\"@id\":\"https:\\\/\\\/birzuausra.lt\\\/index.php\\\/mokykla\\\/finansiniu-ataskaitu-rinkinys\\\/2015-m-ii-ketvirtis\\\/#breadcrumb\",\"itemListElement\":[{\"@type\":\"ListItem\",\"position\":1,\"name\":\"Home\",\"item\":\"https:\\\/\\\/birzuausra.lt\\\/\"},{\"@type\":\"ListItem\",\"position\":2,\"name\":\"Mokykla\",\"item\":\"https:\\\/\\\/birzuausra.lt\\\/index.php\\\/mokykla\\\/\"},{\"@type\":\"ListItem\",\"position\":3,\"name\":\"Finansin\u0117s ataskaitos\",\"item\":\"https:\\\/\\\/birzuausra.lt\\\/index.php\\\/mokykla\\\/finansiniu-ataskaitu-rinkinys\\\/\"},{\"@type\":\"ListItem\",\"position\":4,\"name\":\"2015 m. II ketvirtis\"}]},{\"@type\":\"WebSite\",\"@id\":\"https:\\\/\\\/birzuausra.lt\\\/#website\",\"url\":\"https:\\\/\\\/birzuausra.lt\\\/\",\"name\":\"Bir\u017e\u0173 \u201eAu\u0161ros\u201c pagrindin\u0117 mokykla\",\"description\":\"\",\"publisher\":{\"@id\":\"https:\\\/\\\/birzuausra.lt\\\/#organization\"},\"potentialAction\":[{\"@type\":\"SearchAction\",\"target\":{\"@type\":\"EntryPoint\",\"urlTemplate\":\"https:\\\/\\\/birzuausra.lt\\\/?s={search_term_string}\"},\"query-input\":{\"@type\":\"PropertyValueSpecification\",\"valueRequired\":true,\"valueName\":\"search_term_string\"}}],\"inLanguage\":\"lt-LT\"},{\"@type\":\"Organization\",\"@id\":\"https:\\\/\\\/birzuausra.lt\\\/#organization\",\"name\":\"Bir\u017e\u0173 \\\"Au\u0161ros\\\" pagrindin\u0117 mokykla\",\"url\":\"https:\\\/\\\/birzuausra.lt\\\/\",\"logo\":{\"@type\":\"ImageObject\",\"inLanguage\":\"lt-LT\",\"@id\":\"https:\\\/\\\/birzuausra.lt\\\/#\\\/schema\\\/logo\\\/image\\\/\",\"url\":\"https:\\\/\\\/birzuausra.lt\\\/wp-content\\\/uploads\\\/2019\\\/12\\\/veliava_tais_rem-e1578058666964.jpg\",\"contentUrl\":\"https:\\\/\\\/birzuausra.lt\\\/wp-content\\\/uploads\\\/2019\\\/12\\\/veliava_tais_rem-e1578058666964.jpg\",\"width\":75,\"height\":75,\"caption\":\"Bir\u017e\u0173 \\\"Au\u0161ros\\\" pagrindin\u0117 mokykla\"},\"image\":{\"@id\":\"https:\\\/\\\/birzuausra.lt\\\/#\\\/schema\\\/logo\\\/image\\\/\"},\"sameAs\":[\"https:\\\/\\\/lt-lt.facebook.com\\\/birzuausra\",\"https:\\\/\\\/www.youtube.com\\\/user\\\/birzuausra47\\\/featured\",\"https:\\\/\\\/lt.wikipedia.org\\\/wiki\\\/Bir\u017e\u0173_Au\u0161ros_pagrindin\u0117_mokykla\"]}]}<\/script>\n<!-- \/ Yoast SEO plugin. -->","yoast_head_json":{"title":"2015 m. II ketvirtis - Bir\u017e\u0173 \u201eAu\u0161ros\u201c pagrindin\u0117 mokykla","robots":{"index":"index","follow":"follow","max-snippet":"max-snippet:-1","max-image-preview":"max-image-preview:large","max-video-preview":"max-video-preview:-1"},"canonical":"https:\/\/birzuausra.lt\/index.php\/mokykla\/finansiniu-ataskaitu-rinkinys\/2015-m-ii-ketvirtis\/","og_locale":"lt_LT","og_type":"article","og_title":"2015 m. II ketvirtis - Bir\u017e\u0173 \u201eAu\u0161ros\u201c pagrindin\u0117 mokykla","og_url":"https:\/\/birzuausra.lt\/index.php\/mokykla\/finansiniu-ataskaitu-rinkinys\/2015-m-ii-ketvirtis\/","og_site_name":"Bir\u017e\u0173 \u201eAu\u0161ros\u201c pagrindin\u0117 mokykla","article_publisher":"https:\/\/lt-lt.facebook.com\/birzuausra","twitter_card":"summary_large_image","schema":{"@context":"https:\/\/schema.org","@graph":[{"@type":"WebPage","@id":"https:\/\/birzuausra.lt\/index.php\/mokykla\/finansiniu-ataskaitu-rinkinys\/2015-m-ii-ketvirtis\/","url":"https:\/\/birzuausra.lt\/index.php\/mokykla\/finansiniu-ataskaitu-rinkinys\/2015-m-ii-ketvirtis\/","name":"2015 m. II ketvirtis - Bir\u017e\u0173 \u201eAu\u0161ros\u201c pagrindin\u0117 mokykla","isPartOf":{"@id":"https:\/\/birzuausra.lt\/#website"},"datePublished":"2016-03-23T02:51:33+00:00","breadcrumb":{"@id":"https:\/\/birzuausra.lt\/index.php\/mokykla\/finansiniu-ataskaitu-rinkinys\/2015-m-ii-ketvirtis\/#breadcrumb"},"inLanguage":"lt-LT","potentialAction":[{"@type":"ReadAction","target":["https:\/\/birzuausra.lt\/index.php\/mokykla\/finansiniu-ataskaitu-rinkinys\/2015-m-ii-ketvirtis\/"]}]},{"@type":"BreadcrumbList","@id":"https:\/\/birzuausra.lt\/index.php\/mokykla\/finansiniu-ataskaitu-rinkinys\/2015-m-ii-ketvirtis\/#breadcrumb","itemListElement":[{"@type":"ListItem","position":1,"name":"Home","item":"https:\/\/birzuausra.lt\/"},{"@type":"ListItem","position":2,"name":"Mokykla","item":"https:\/\/birzuausra.lt\/index.php\/mokykla\/"},{"@type":"ListItem","position":3,"name":"Finansin\u0117s ataskaitos","item":"https:\/\/birzuausra.lt\/index.php\/mokykla\/finansiniu-ataskaitu-rinkinys\/"},{"@type":"ListItem","position":4,"name":"2015 m. II ketvirtis"}]},{"@type":"WebSite","@id":"https:\/\/birzuausra.lt\/#website","url":"https:\/\/birzuausra.lt\/","name":"Bir\u017e\u0173 \u201eAu\u0161ros\u201c pagrindin\u0117 mokykla","description":"","publisher":{"@id":"https:\/\/birzuausra.lt\/#organization"},"potentialAction":[{"@type":"SearchAction","target":{"@type":"EntryPoint","urlTemplate":"https:\/\/birzuausra.lt\/?s={search_term_string}"},"query-input":{"@type":"PropertyValueSpecification","valueRequired":true,"valueName":"search_term_string"}}],"inLanguage":"lt-LT"},{"@type":"Organization","@id":"https:\/\/birzuausra.lt\/#organization","name":"Bir\u017e\u0173 \"Au\u0161ros\" pagrindin\u0117 mokykla","url":"https:\/\/birzuausra.lt\/","logo":{"@type":"ImageObject","inLanguage":"lt-LT","@id":"https:\/\/birzuausra.lt\/#\/schema\/logo\/image\/","url":"https:\/\/birzuausra.lt\/wp-content\/uploads\/2019\/12\/veliava_tais_rem-e1578058666964.jpg","contentUrl":"https:\/\/birzuausra.lt\/wp-content\/uploads\/2019\/12\/veliava_tais_rem-e1578058666964.jpg","width":75,"height":75,"caption":"Bir\u017e\u0173 \"Au\u0161ros\" pagrindin\u0117 mokykla"},"image":{"@id":"https:\/\/birzuausra.lt\/#\/schema\/logo\/image\/"},"sameAs":["https:\/\/lt-lt.facebook.com\/birzuausra","https:\/\/www.youtube.com\/user\/birzuausra47\/featured","https:\/\/lt.wikipedia.org\/wiki\/Bir\u017e\u0173_Au\u0161ros_pagrindin\u0117_mokykla"]}]}},"_links":{"self":[{"href":"https:\/\/birzuausra.lt\/index.php\/wp-json\/wp\/v2\/pages\/1275","targetHints":{"allow":["GET"]}}],"collection":[{"href":"https:\/\/birzuausra.lt\/index.php\/wp-json\/wp\/v2\/pages"}],"about":[{"href":"https:\/\/birzuausra.lt\/index.php\/wp-json\/wp\/v2\/types\/page"}],"author":[{"embeddable":true,"href":"https:\/\/birzuausra.lt\/index.php\/wp-json\/wp\/v2\/users\/1"}],"replies":[{"embeddable":true,"href":"https:\/\/birzuausra.lt\/index.php\/wp-json\/wp\/v2\/comments?post=1275"}],"version-history":[{"count":0,"href":"https:\/\/birzuausra.lt\/index.php\/wp-json\/wp\/v2\/pages\/1275\/revisions"}],"up":[{"embeddable":true,"href":"https:\/\/birzuausra.lt\/index.php\/wp-json\/wp\/v2\/pages\/1271"}],"wp:attachment":[{"href":"https:\/\/birzuausra.lt\/index.php\/wp-json\/wp\/v2\/media?parent=1275"}],"curies":[{"name":"wp","href":"https:\/\/api.w.org\/{rel}","templated":true}]}}